rime factors of s.
2, 3, 11
Let w(o) = -o**2 + 8*o + 5. Let y be w(7). Suppose y = -4*i + 28. What are the prime factors of i?
2
Let z = -4 + 6. What are the prime factors of 10 + ((-2)/z - 1)?
2
Let t(z) = -z**2 - 9*z + 22. What are the prime factors of t(-10)?
2, 3
Let c(m) = m**3 - 3*m**2 - m + 6. Let a be c(5). Suppose -2*f - 3*q + a = 0, f + 2*q - 27 = q. Suppose -2 = 4*y - f. List the prime factors of y.
7
Let q be -12 - 12/4 - -2. Let h = 53 + q. List the prime factors of h.
2, 5
Suppose r + q - 6 = -4, 2*r - 4*q = 16. Suppose -2*a = r*c - 146, 0 = -5*c + 3*c - 3*a + 67. List the prime factors of c.
2, 19
Suppose -2*j + 4*j = 4. Suppose -j*b = 4*p - 22, 0*b + 3*b = -3*p + 15. List the prime factors of (-1)/(3/p) + 12.
2, 5
Suppose -2*r = -24 - 0. Let j = r - -8. List the prime factors of j.
2, 5
Let f be ((-11)/4)/((-3)/12). Suppose f = 4*q + p, 6 = 4*q + 3*p - p. What are the prime factors of q?
2
Let c(u) = u - 11. Suppose 9 - 61 = -4*z. List the prime factors of c(z).
2
Let v(p) = -6 - 3 + 3 + 4 - 5*p. What are the prime factors of v(-3)?
13
Let c(a) = -6 + 5*a**2 + 0 - 3*a**2 - 6*a**2 - a**3 - 2*a. What are the prime factors of c(-5)?
29
Suppose 5*m + 25 = 0, 2*c + 2*c - 159 = -m. List the prime factors of c.
41
Let f(v) = v**3 - 2*v**2 + v. Let x be f(2). Suppose 4*k = x*k + 14. What are the prime factors of k?
7
Let z(k) = -1 - 2 + 0 + k. Let q be z(-3). Let y(i) = -2*i - 1. What are the prime factors of y(q)?
11
Suppose t = -4*y + 8 + 11, 5 = -t. Suppose -y*v + 2*o = -v - 64, -4*v + 3*o = -47. List the prime factors of v.
2, 7
Let m be (1 - (-2 - -2))*0. Suppose -5*i - 20 = m, -3*a - 2*i = 3*i + 8. What are the prime factors of a?
2
Let t(k) = -k**3 + 4*k**2 + 6*k - 6. Suppose q - 11 = -2*q - j, -4*q + 11 = 5*j. Let d be t(q). Suppose -3*m + d = -18. What are the prime factors of m?
2, 3
Let t(v) = 3*v - 2. Suppose 2*g = 2, -4*y - 4*g + 25 = -y. Let c = -5 + y. What are the prime factors of t(c)?
2
Let i(x) = x**3 - x + 6. Let n be i(0). Let w(o) be the second derivative of o**3/6 - 2*o**2 - o. What are the prime factors of w(n)?
2
Let t = -28 + 52. Let u = 42 - t. What are the prime factors of u?
2, 3
Let u = 24 - 12. List the prime factors of u.
2, 3
Suppose 6*q + 16 = 2*q. Let k be (1 + 1)*(-6)/q. Suppose -5*w + 16 = 3*f, 0 = -k*f + 5*f + w - 6. List the prime factors of f.
2
List the prime factors of -5*(118/(-10))/(1/2).
2, 59
Let i be (128/10)/(2/15). Suppose 4*v - 6*v = -3*m + 96, -4*v = -3*m + i. List the prime factors of m.
2
Let w(p) = p**3 - p**2 + 6. Let r be -2 + -1 + 4 - -2. Suppose 0 = -2*a - 2*h, a - r*h = h. List the prime factors of w(a).
2, 3
Let a = -1 - -5. Suppose -a*w = -w - 39. Let c = w - 5. What are the prime factors of c?
2
Suppose 2*n - 144 = 2*o, -4*o - 1 = -n + 59. What are the prime factors of n?
2, 19
Let t(i) = -3*i + 3. List the prime factors of t(-9).
2, 3, 5
Let d(y) = y**2. Let i be d(-1). Suppose 4*q = 2*p + 17 + i, 20 = 5*q - 2*p. What are the prime factors of q?
2
List the prime factors of (-3)/15*0 - -153.
3, 17
Let k(j) = 32*j**2 + 2*j - 1. Let o be k(1). What are the prime factors of (-2)/11 + 270/o?
2
Suppose 4*f = 5 + 55. What are the prime factors of f?
3, 5
Suppose 2*o + 15 = 5. Let n be (-1)/(-2) + (-93)/(-6). Let j = o + n. List the prime factors of j.
11
Let p(c) = 21*c**2 + c. List the prime factors of p(-1).
2, 5
Suppose -8*l = -433 - 391. What are the prime factors of l?
103
Let f be (-2 - (3 + -2)) + 29. Suppose t = 1 + f. List the prime factors of t.
3
Let t be (-5 - -10)*(-8)/(-10). Suppose 5*h - t*a + 50 = 125, 3*h = -5*a + 45. List the prime factors of h.
3, 5
Let n = -48 + 136. List the prime factors of n.
2, 11
List the prime factors of 565/7 - (-1 + 10/14).
3
Let k be 20/6 + 3/(-9). Suppose 5*f + k*h - 69 = 0, 2*h - 2 = 4. What are the prime factors of f?
2, 3
Suppose 18 + 4 = 5*g + 2*w, -3*w - 9 = -3*g. Suppose g*q + 204 = 8*q. List the prime factors of q.
3, 17
Suppose -5*x + x = 5*m, 0 = -2*m + 5*x + 33. Let c = -4 + m. Suppose c = -4*y - 2 + 10. List the prime factors of y.
2
Suppose -4*f = -f - 30. Let k be ((-20)/(-2) - 0) + (3 - 1). Let l = k - f. What are the prime factors of l?
2
Let k be (-6)/(0 + 2/(-9)). Suppose -1 = 3*b + 2*s + k, -s - 5 = 0. Let j = b + 10. List the prime factors of j.
2
Suppose -5*o - 2*p + 214 = 0, 3*o - 2*o - 35 = -3*p. Suppose -2*k + o - 2 = 0. List the prime factors of k.
3, 7
Let y(f) = -f**3 + 9*f**2 + 10*f + 1. Let x be y(10). List the prime factors of (1 + 0)*(x - -8).
3
Suppose 4*s = 1782 - 722. What are the prime factors of s?
5, 53
Let i(s) = 2*s - s - 2*s**2 + 7*s + s**2 + 11. What are the prime factors of i(9)?
2
What are the prime factors of 412/10 - (-4)/(-20)?
41
Let j = -13 + 14. What are the prime factors of (-12)/(j + -5) - -12?
3, 5
Suppose 5*r + 2 = -2*b + 5, -3*r = 2*b - 1. Let q be (-25)/(-3) + 2/3. What are the prime factors of 8*r/(6/q)?
2, 3
Let h be (1 - -3) + -3 + -1. Suppose h*s - s + 43 = 0. What are the prime factors of s?
43
Let o(j) = j**3 - 2*j**2 - j + 3. Suppose -5*i + 25 = 0, -3*a = -2*a + 5*i - 28. List the prime factors of o(a).
3
Suppose 3*b - 18 = -0. Suppose 36 = -d - p, d - 60 = 3*d - 2*p. What are the prime factors of 158/22 + b/d?
7
Let a(i) = i**3 + 6*i**2 - 9*i - 8. What are the prime factors of a(-6)?
2, 23
Let g = -16 - -64. List the prime factors of g.
2, 3
Suppose 2*j - 5*o + 45 = 7*j, -3*j = -5*o - 3. Suppose j = l + l. List the prime factors of l.
3
Let q(d) = 2*d**2 + d - 1. Let k be q(-3). Let s = 25 - k. Suppose 4*v = -s + 55. List the prime factors of v.
11
Let h be ((-3)/(-6))/((-2)/(-20)). Suppose -6*y + 25 = -h*y. What are the prime factors of y?
5
Suppose -2*n - 3*x = -7, 4*n + 6*x = 5*x + 19. Suppose 5*v + s = -3*s + 104, -5*s = -n. Let y = -8 + v. List the prime factors of y.
2, 3
Let y = -10 + 12. Let n = -2 - y. List the prime factors of 12/(-8) - 38/n.
2
Let s = -43 - -9. Let w = 63 + s. Let c = 40 - w. List the prime factors of c.
11
Suppose 2*o = 5 + 5. Let m = -15 + 15. Suppose 5*f + a - 41 = m, -2*f + 10 = -a - o. What are the prime factors of f?
2
Let l = -4 + -3. List the prime factors of (-4)/14 + (-37)/l.
5
Let c(s) = 2*s**3 - 3*s**2 + 3*s - 4. Let b be c(2). Suppose b*x - 65 = 109. List the prime factors of x.
29
List the prime factors of (-12)/3 - (10 + -134).
2, 3, 5
Let m = 21 - 17. List the prime factors of 1/2 + 58/m.
3, 5
Suppose 0 = -5*t - 2*i + 35, 0 = -t - 5*i + 4*i + 10. Suppose t*o - 6*o = 10. Let u = 19 + o. What are the prime factors of u?
3
Let n be (5/15)/((-2)/(-42)). Let a(s) = -s + 8. Let x be a(n). What are the prime factors of 1/((-1)/(-7)) - x?
2, 3
Let i = -8 - -5. Let r = 14 + i. What are the prime factors of r?
11
Let r = 167 + -69. List the prime factors of r.
2, 7
Let d be 36/15 - (-6)/(-15). Suppose -6*m = -d*m - 72. List the prime factors of m.
2, 3
Let b = -32 - -22. Let j = -3 - b. List the prime factors of j.
7
Let l = -4 + 3. Let o be 64/(-6) + l/3. Let m = 20 + o. List the prime factors of m.
3
What are the prime factors of (17 - 0) + -2 + 0?
3, 5
Let j = 10 + 18. List the prime factors of j.
2, 7
What are the prime factors of (-6)/10 + 86/10?
2
List the prime factors of (-32)/(-12)*(-711)/(-12).
2, 79
Suppose 10 = y + y. Suppose 12 = 4*m, 0 = 2*s - y*s + 4*m - 24. List the prime factors of (s/12)/((-2)/66).
11
Let y = 8 + -4. Let t(s) = 7 + 99*s - 2 - 96*s - 3. List the prime factors of t(y).
2, 7
Suppose -3*j - 1 = -4*h, j + 5 = -0*h - h. Let z be 7 - ((0 - -1) + j). Suppose -n + 3*x - 45 = -6*n, -2*x = n - z. What are the prime factors of n?
3
Let y = -30 + 38. List the prime factors of y.
2
Suppose -m - 4*m - 15 = 0. What are the prime factors of m/4 - 177/(-12)?
2, 7
Suppose 64*j + 333 = 67*j. What are the prime factors of j?
3, 37
Suppose 4*w - 24 = -4*x, 18 = 6*w - w - x. Suppose 3*p = -w*m + 2*p + 19, -m - 2*p - 4 = 0. List the prime factors of m.
2, 3
Suppose -135 = -d - 4*d - 4*r, -2*d = 3*r - 61. List the prime factors of d.
23
Suppose d = -2*d + 4*p + 16, -2*d - 5*p = -3. Suppose 10 = -3*u + d*u. Suppose u = -0*h + 2*h. What are the prime factors of h?
5
Let n(g) = g**3 - 6*g**2 - 6*g - 6. Let h be n(7). Suppose -1 = 2*p + h, 2*p = 4*y - 106. Let k = -15 + y. List the prime factors of k.
11
Let k be 6/(-27) - (-58)/